{"id":4361,"date":"2020-04-12T01:46:00","date_gmt":"2020-04-11T23:46:43","guid":{"rendered":"http:\/\/boklima.de\/?page_id=4361"},"modified":"2021-02-02T12:56:53","modified_gmt":"2021-02-02T11:56:53","slug":"aktuell-2-2","status":"publish","type":"page","link":"https:\/\/boklima.de\/?page_id=4361","title":{"rendered":"Verkehrswende gegen Klimanotstand (2. KNB)"},"content":{"rendered":"\n<h2 class=\"wp-block-heading\"><span class=\"ez-toc-section\" id=\"2_KNB_%E2%80%93_030420_Verkehrswende_gegen_Klimanotstand\"><\/span>2. KNB &#8211; (03.04.20) Verkehrswende gegen Klimanotstand<span class=\"ez-toc-section-end\"><\/span><\/h2>\n\n\n\n<div class=\"wp-block-algori-pdf-viewer-block-algori-pdf-viewer\"><iframe class=\"wp-block-algori-pdf-viewer-block-algori-pdf-viewer-iframe\" src=\"https:\/\/boklima.de\/wp-content\/plugins\/algori-pdf-viewer\/dist\/web\/viewer.html?file=https%3A%2F%2Fboklima.de%2Fwp-content%2Fuploads%2F2021%2F02%2F200402-knb-02-verkehrswende-offenerbrief-ag-oepnv.pdf\" style=\"width:600px;height:700px\"><\/iframe><\/div>\n\n\n\n<h2 class=\"wp-block-heading\"><span class=\"ez-toc-section\" id=\"Verlauf_Reaktionen\"><\/span>Verlauf ; Reaktionen<span class=\"ez-toc-section-end\"><\/span><\/h2>\n\n\n\n<p>  <\/p>\n\n\n\n<p>Hier werden alle aktuellen \u00f6ffentlichen (Blog-) Beitr\u00e4ge im Zusammenhang  mit dem <strong>Offenen Brief zum &#8216;Verkehrswende gegen Klimanotstamd&#8217; <\/strong>aufgef\u00fchrt (neueste zuerst)  :<\/p>\n\n\n\n<p>    <\/p>\n\n\n<div class=\"pt-cv-wrapper\"><div class=\"pt-cv-view pt-cv-grid pt-cv-colsys\" id=\"pt-cv-view-5aa1f3dtx4\"><div data-id=\"pt-cv-page-1\" class=\"pt-cv-page\" data-cvc=\"2\"><div class=\"col-md-6 col-sm-6 col-xs-12 pt-cv-content-item pt-cv-1-col\" ><div class='pt-cv-ifield'><a href=\"https:\/\/boklima.de\/?p=4644\" class=\"_self pt-cv-href-thumbnail pt-cv-thumb-default\" target=\"_self\" ><\/a>\n<h6 class=\"pt-cv-title\"><a href=\"https:\/\/boklima.de\/?p=4644\" class=\"_self\" target=\"_self\" >Antwort von FDP Oberb\u00fcrgermeisterkandidat Felix Haltt (05.05.20)<\/a><\/h6>\n<div class=\"pt-cv-content\">Sehr geehrte B\u00fcrger*innen des BochumerKlimaschutzb\u00fcndnisses,sehr geehrter Herr Dr. Franke, vielen Dank f\u00fcr Ihren ausf\u00fchrlichen offenen Brief. Zun\u00e4chst m\u00f6chte ich mich f\u00fcr die lange Antwortzeit entschuldigen. Wir versuchen, Anfragen von B\u00fcrger*innen ...<br \/><div class=\"pt-cv-rmwrap\"><a href=\"https:\/\/boklima.de\/?p=4644\" class=\"_self pt-cv-readmore btn btn-success\" target=\"_self\">Weiterlesen \u2026<\/a><\/div><\/div><\/div><\/div>\n<div class=\"col-md-6 col-sm-6 col-xs-12 pt-cv-content-item pt-cv-1-col\" ><div class='pt-cv-ifield'><a href=\"https:\/\/boklima.de\/?p=4315\" class=\"_self pt-cv-href-thumbnail pt-cv-thumb-default\" target=\"_self\" ><\/a>\n<h6 class=\"pt-cv-title\"><a href=\"https:\/\/boklima.de\/?p=4315\" class=\"_self\" target=\"_self\" >Reaktion auf 2. offenen Klimanotstandsbrief<\/a><\/h6>\n<div class=\"pt-cv-content\">Mo 06.04.20 ist dieser Waz-Artikel erschienen : Und nat\u00fcrlich auch bei Bo-Alternative ...<br \/><div class=\"pt-cv-rmwrap\"><a href=\"https:\/\/boklima.de\/?p=4315\" class=\"_self pt-cv-readmore btn btn-success\" target=\"_self\">Weiterlesen \u2026<\/a><\/div><\/div><\/div><\/div>\n<div class=\"col-md-6 col-sm-6 col-xs-12 pt-cv-content-item pt-cv-1-col\" ><div class='pt-cv-ifield'><a href=\"https:\/\/boklima.de\/?p=4308\" class=\"_self pt-cv-href-thumbnail pt-cv-thumb-default\" target=\"_self\" ><\/a>\n<h6 class=\"pt-cv-title\"><a href=\"https:\/\/boklima.de\/?p=4308\" class=\"_self\" target=\"_self\" >Aktuelle abgeschickte Version des 2. KlimaNotstands-Briefes<\/a><\/h6>\n<div class=\"pt-cv-content\">Hier die aktuellen und abgeschickten Versionen des Klimanotstands-Briefes : als odt als pdf und hier als eingebettetes pdf : ...<br \/><div class=\"pt-cv-rmwrap\"><a href=\"https:\/\/boklima.de\/?p=4308\" class=\"_self pt-cv-readmore btn btn-success\" target=\"_self\">Weiterlesen \u2026<\/a><\/div><\/div><\/div><\/div>\n<div class=\"col-md-6 col-sm-6 col-xs-12 pt-cv-content-item pt-cv-1-col\" ><div class='pt-cv-ifield'><a href=\"https:\/\/boklima.de\/?p=4272\" class=\"_self pt-cv-href-thumbnail pt-cv-thumb-default\" target=\"_self\" ><\/a>\n<h6 class=\"pt-cv-title\"><a href=\"https:\/\/boklima.de\/?p=4272\" class=\"_self\" target=\"_self\" >2. KlimaNotStandsBrief &#8211; \u00d6PNV (aktualisiert)<\/a><\/h6>\n<div class=\"pt-cv-content\">Hier zur Diskussion im Forum (unterster Beitrag ist aktuelle Version) ...<br \/><div class=\"pt-cv-rmwrap\"><a href=\"https:\/\/boklima.de\/?p=4272\" class=\"_self pt-cv-readmore btn btn-success\" target=\"_self\">Weiterlesen \u2026<\/a><\/div><\/div><\/div><\/div><\/div><\/div><\/div>\n\n\n\n<hr class=\"wp-block-separator\"\/>\n\n\n<div id=\"ez-toc-container\" class=\"ez-toc-v2_0_81 counter-hierarchy ez-toc-counter ez-toc-transparent ez-toc-container-direction\">\n<div class=\"ez-toc-title-container\">\n<p class=\"ez-toc-title\" style=\"cursor:inherit\">Inhalte dieser Seite :<\/p>\n<span class=\"ez-toc-title-toggle\"><a href=\"#\" class=\"ez-toc-pull-right ez-toc-btn ez-toc-btn-xs ez-toc-btn-default ez-toc-toggle\" aria-label=\"Toggle Table of Content\"><span class=\"ez-toc-js-icon-con\"><span class=\"\"><span class=\"eztoc-hide\" style=\"display:none;\">Toggle<\/span><span class=\"ez-toc-icon-toggle-span\"><svg style=\"fill: #999;color:#999\" xmlns=\"http:\/\/www.w3.org\/2000\/svg\" class=\"list-377408\" width=\"20px\" height=\"20px\" viewBox=\"0 0 24 24\" fill=\"none\"><path d=\"M6 6H4v2h2V6zm14 0H8v2h12V6zM4 11h2v2H4v-2zm16 0H8v2h12v-2zM4 16h2v2H4v-2zm16 0H8v2h12v-2z\" fill=\"currentColor\"><\/path><\/svg><svg style=\"fill: #999;color:#999\" class=\"arrow-unsorted-368013\" xmlns=\"http:\/\/www.w3.org\/2000\/svg\" width=\"10px\" height=\"10px\" viewBox=\"0 0 24 24\" version=\"1.2\" baseProfile=\"tiny\"><path d=\"M18.2 9.3l-6.2-6.3-6.2 6.3c-.2.2-.3.4-.3.7s.1.5.3.7c.2.2.4.3.7.3h11c.3 0 .5-.1.7-.3.2-.2.3-.5.3-.7s-.1-.5-.3-.7zM5.8 14.7l6.2 6.3 6.2-6.3c.2-.2.3-.5.3-.7s-.1-.5-.3-.7c-.2-.2-.4-.3-.7-.3h-11c-.3 0-.5.1-.7.3-.2.2-.3.5-.3.7s.1.5.3.7z\"\/><\/svg><\/span><\/span><\/span><\/a><\/span><\/div>\n<nav><ul class='ez-toc-list ez-toc-list-level-1 eztoc-toggle-hide-by-default' ><li class='ez-toc-page-1 ez-toc-heading-level-2'><a class=\"ez-toc-link ez-toc-heading-1\" href=\"https:\/\/boklima.de\/?page_id=4361\/#2_KNB_%E2%80%93_030420_Verkehrswende_gegen_Klimanotstand\" >2. KNB &#8211; (03.04.20) Verkehrswende gegen Klimanotstand<\/a><\/li><li class='ez-toc-page-1 ez-toc-heading-level-2'><a class=\"ez-toc-link ez-toc-heading-2\" href=\"https:\/\/boklima.de\/?page_id=4361\/#Verlauf_Reaktionen\" >Verlauf ; Reaktionen<\/a><\/li><\/ul><\/nav><\/div>\n\n","protected":false},"excerpt":{"rendered":"<p>2. KNB &#8211; (03.04.20) Verkehrswende gegen Klimanotstand Verlauf ; Reaktionen Hier werden alle aktuellen \u00f6ffentlichen (Blog-) Beitr\u00e4ge im Zusammenhang mit dem Offenen Brief zum &#8216;Verkehrswende gegen Klimanotstamd&#8217; aufgef\u00fchrt (neueste zuerst) :<\/p>\n","protected":false},"author":8,"featured_media":0,"parent":4353,"menu_order":2,"comment_status":"closed","ping_status":"closed","template":"","meta":{"ngg_post_thumbnail":0,"_mc_calendar":[],"footnotes":""},"class_list":["post-4361","page","type-page","status-publish","hentry"],"rttpg_featured_image_url":null,"rttpg_author":{"display_name":"thomas","author_link":"https:\/\/boklima.de\/?author=8"},"rttpg_comment":0,"rttpg_category":null,"rttpg_excerpt":"2. KNB &#8211; (03.04.20) Verkehrswende gegen Klimanotstand Verlauf ; Reaktionen Hier werden alle aktuellen \u00f6ffentlichen (Blog-) Beitr\u00e4ge im Zusammenhang mit dem Offenen Brief zum &#8216;Verkehrswende gegen Klimanotstamd&#8217; aufgef\u00fchrt (neueste zuerst) :","_links":{"self":[{"href":"https:\/\/boklima.de\/index.php?rest_route=\/wp\/v2\/pages\/4361","targetHints":{"allow":["GET"]}}],"collection":[{"href":"https:\/\/boklima.de\/index.php?rest_route=\/wp\/v2\/pages"}],"about":[{"href":"https:\/\/boklima.de\/index.php?rest_route=\/wp\/v2\/types\/page"}],"author":[{"embeddable":true,"href":"https:\/\/boklima.de\/index.php?rest_route=\/wp\/v2\/users\/8"}],"replies":[{"embeddable":true,"href":"https:\/\/boklima.de\/index.php?rest_route=%2Fwp%2Fv2%2Fcomments&post=4361"}],"version-history":[{"count":7,"href":"https:\/\/boklima.de\/index.php?rest_route=\/wp\/v2\/pages\/4361\/revisions"}],"predecessor-version":[{"id":7355,"href":"https:\/\/boklima.de\/index.php?rest_route=\/wp\/v2\/pages\/4361\/revisions\/7355"}],"up":[{"embeddable":true,"href":"https:\/\/boklima.de\/index.php?rest_route=\/wp\/v2\/pages\/4353"}],"wp:attachment":[{"href":"https:\/\/boklima.de\/index.php?rest_route=%2Fwp%2Fv2%2Fmedia&parent=4361"}],"curies":[{"name":"wp","href":"https:\/\/api.w.org\/{rel}","templated":true}]}}